emainder when 124 is divided by k?
38
Let x = 6 + -3. Suppose 81 + 99 = x*w. Suppose 20*y - 25*y + w = 0. What is the remainder when 26 is divided by y?
2
Let a(l) = 2*l**2 + 46 - 13*l - 4*l**2 - 14 + 0*l**2 + 2*l**3 - l**2. Calculate the remainder when 231 is divided by a(3).
11
Let g(b) = -7*b + 16. Let w(d) be the second derivative of -d**3/6 - 3*d**2 - 6*d. Let h be w(7). Calculate the remainder when g(h) is divided by 12.
11
Let c = -380 + 1246. Let p = -615 + c. What is the remainder when p is divided by 85?
81
Suppose -5*q + 3*y = 103 - 548, 2*q + 4*y - 152 = 0. Calculate the remainder when 19215/30*(-2)/(-3) is divided by q.
83
Let f = 45683 + -45516. Calculate the remainder when f is divided by 31.
12
Suppose -3*d = y + y - 69, -2*d = 2*y - 66. Let b = -6941 - -6955. Calculate the remainder when y is divided by b.
2
Let y = 110 + -106. Suppose y = -13*c + 108. Calculate the remainder when c is divided by 3.
2
Suppose 5*m - 210 = 5*l, 5*m + 5*l - 250 = -0*l. Let b(j) = 4*j**2 + 5*j - j + 2 - 6*j + 2*j**3 - 7*j. What is the remainder when m is divided by b(2)?
14
Suppose 334*k - 119322 = 208*k. Calculate the remainder when k is divided by 25.
22
Suppose 1275*p + 5814 = 1284*p. Calculate the remainder when p is divided by 10.
6
Suppose -o + 49 = -1. Let m(y) = 0*y**2 + y**2 + 3 + 0*y**2 - 5*y. Calculate the remainder when o is divided by m(7).
16
Suppose -2*v + o - 27 = -v, -2*o - 101 = 3*v. Let w = 101 + v. Let m(t) = -t**2 + 18*t - 14. What is the remainder when w is divided by m(16)?
16
Let z(g) = 3*g**2 - 43*g - 38. Let c be z(19). Let r = c + -183. Calculate the remainder when r is divided by 8.
5
Calculate the remainder when 6 + 10 - 10 - (-272)/1 is divided by 241.
37
Let z(h) = -h**3 - 11*h**2 - h - 9. Let c = -16 + 5. Let p be z(c). Suppose -34 = -3*x - q, p*q - 5 = 3. What is the remainder when 47 is divided by x?
7
Let z = 514 + -316. Let h = z + -75. Let n(t) = t**2 + 2*t - 4. What is the remainder when h is divided by n(5)?
30
Suppose 0 = -4*a + 2*l - 6 + 130, -l + 6 = 0. What is the remainder when 1251 is divided by a?
27
Let u = 44 - 41. Calculate the remainder when -6 + u + 3 - -266 is divided by 67.
65
Suppose 5*y - 4*q = -107, y = 4*y + q + 71. Let d(r) = r + 33. Let z be d(y). Let s(u) = 3*u**2 - 29*u + 8. Calculate the remainder when 31 is divided by s(z).
13
Let w(j) = -j**2 + 98*j - 1024. What is the remainder when 339 is divided by w(86)?
3
Let p(t) = 21*t - 15. Let x be p(1). Suppose -2 = q - l - 4, 5*q - 18 = 3*l. Suppose x*h + q*h = 168. Calculate the remainder when 41 is divided by h.
13
Suppose -7*x = 8*x - 150. Calculate the remainder when (-1)/7*-2 - (-7802)/329 is divided by x.
4
Suppose -19*f - 6*f = -2*f - 2300. What is the remainder when 26097 is divided by f?
97
Suppose -6252 + 6750 = 6*b. What is the remainder when 232 is divided by b?
66
Let t = -824 - -826. Calculate the remainder when (-49876)/(-185) + t + (-8)/5 is divided by 73.
51
Let i(n) = -n + 7 - 2 - 2 - n. What is the remainder when i(-5) is divided by ((-9)/(-12))/((-9)/(-60) - 0)?
3
Let w be (-238)/3 + 4/(-6). Calculate the remainder when (-60)/w - (-209)/4 is divided by 23.
7
Suppose 178*v - 124796 = 174*v - 4*q, -2*v = -q - 62392. What is the remainder when v is divided by 13?
10
Let q(l) = 33*l**3 + 15*l**2 - 44*l + 16. Calculate the remainder when q(3) is divided by 19.
17
Let f = 477 + -381. Suppose f = 41*n - 37*n. What is the remainder when 119 is divided by n?
23
Let h(n) = n**3 + 17*n**2 + 7*n + 130. Let p be 2/2*66/(-11). Calculate the remainder when h(-17) is divided by (p/5)/((-21)/140).
3
Let r(x) = 3*x**2 + 60*x + 7. Let f be r(-21). What is the remainder when 89 is divided by 1/(-3) - f/(-3)?
20
Suppose 0 = 5*b - 21 - 249. Calculate the remainder when 2/5*150/120 + (-21525)/(-50) is divided by b.
53
Let k = -812 - -1147. Let s = -76977 + 76994. What is the remainder when k is divided by s?
12
Suppose -3*y - y = -4*s - 72, 5*s + y = -120. Let c = 134 - s. Suppose 8*f + 3*f - 220 = 0. What is the remainder when c is divided by f?
17
Let j be -19*13/(-52) + (-2)/(-8). Let p(x) = 36*x + 30. What is the remainder when p(j) is divided by 31?
24
Let k = 8652 - 6948. What is the remainder when k is divided by 14?
10
Let n = 6506 + -6501. What is the remainder when 103 is divided by n?
3
Let z(l) = -61*l - 61. Let o be z(-5). Let h = -196 + o. Calculate the remainder when 280 is divided by h.
40
Let l(n) = n**3 + 19*n**2 - 49*n - 183. What is the remainder when l(-14) is divided by 15?
13
Suppose 7*a - 1159 = 2*n, 2*a + 68 = 2*n + 392. What is the remainder when a is divided by 6?
5
Let v = 20 + -4. Suppose 2*l - v = 30. Calculate the remainder when 154 is divided by l.
16
What is the remainder when 8328 is divided by (52/(-182))/(1/(-833))?
236
Let g(v) = -v**3 - 27*v**2 - 2*v + 71. What is the remainder when 3882 is divided by g(0)?
48
Let b(t) = -t**3 + 14*t**2 - 6*t - 8. Let w = -82 - -89. Calculate the remainder when b(w) is divided by 14.
13
Suppose 57020 = 53*f - 1068. What is the remainder when f is divided by 105?
46
Let p = 31 + -60. Let h = p + 32. Suppose h*l - 84 = 144. Calculate the remainder when l is divided by 26.
24
Suppose 407 = -45*g + 50*g - 4*j, 0 = 4*g + 2*j - 336. What is the remainder when 812 is divided by g?
65
Let u = 23 - 21. Let p(l) be the third derivative of l**5/30 + l**4/24 - 2*l**3/3 + l**2 - 1. Calculate the remainder when p(-3) is divided by u.
1
Suppose 60*c - 121*c = -2806. What is the remainder when 810 is divided by c?
28
Suppose 2*n = 4*j + 30 + 42, -2*n = 2*j - 54. Calculate the remainder when (170/n)/(3/63) is divided by 11.
9
Suppose -c - 683 = -2*f - 712, 0 = -5*c - 5*f + 220. What is the remainder when 728 is divided by c?
26
Let q(u) = u**3 - 2*u**2 - 4*u + 21. Suppose -5*v = -22 - 3. What is the remainder when q(v) is divided by 11?
10
Let v = -202 + 515. Let b = -152 + v. Suppose -u - 4*t = -76, -2*u - 3*t = 2*t - b. Calculate the remainder when u is divided by 19.
12
Suppose -r + 5*r - 3*a = 88, -5*r + 4*a + 111 = 0. Let x(o) = -15*o**2 - 95*o**3 + 3*o + 96*o**3 + 7 + 11*o. Calculate the remainder when r is divided by x(14).
5
Suppose 64*k - 1819 = -43*k. Calculate the remainder when 18731 is divided by k.
14
Let w = 4972 - 4864. Calculate the remainder when 658 is divided by w.
10
Suppose 0 = -139*c - 18906 + 81873. What is the remainder when 1364 is divided by c?
5
Suppose -b - 3*w - 1 = 0, 36 = 4*b + 4*w - 0*w. Suppose s - 170 = -170. Suppose a - 13 + 4 = s. What is the remainder when b is divided by a?
5
Let z(x) = -197*x + 1670. What is the remainder when 345 is divided by z(8)?
63
Let g(p) = -31 + 23*p - 3*p**2 + 78 - 7*p - 5*p + 4*p**2. What is the remainder when 37 is divided by g(-4)?
18
Suppose 25*b = 18*b + 4312. Let h = -29 + b. What is the remainder when h is divided by 49?
48
Suppose -4*q - 22 = -2*s, 3*s - 3*q + 175 - 217 = 0. What is the remainder when 5744 is divided by s?
15
Let u(l) = 3*l + 293. Calculate the remainder when 406 is divided by u(-38).
48
Suppose v + 3*h = 3, 4*v - 3*h - 2*h - 12 = 0. Suppose -v*o = -24 - 6. What is the remainder when 21 is divided by o?
1
Let p(i) = 548*i**2 + 61*i - 60. What is the remainder when p(1) is divided by 172?
33
Suppose j - 128 = -7*j. Let n = -40 - -30. Let c(f) = -f**2 - 12*f - 11. What is the remainder when j is divided by c(n)?
7
Let l = -946 - -1551. Suppose 601*t + 52 = l*t. What is the remainder when 26 is divided by t?
0
Suppose d - 22475 = 2*x, -d + 157*x = 162*x - 22510. What is the remainder when d is divided by 8?
5
Let g = -7669 + 7711. Calculate the remainder when 375 is divided by g.
39
Suppose 0 = -5*f, p = -2*f + 36 + 53. What is the remainder when p is divided by 19?
13
Suppose 0 = 28*y - 29 - 55. Suppose 4*z = -5*d + 55, -d - y*d - z + 55 = 0. Calculate the remainder when 57 is divided by d.
12
Suppose 2*r + f - 38 = 6*f, 5*f + 10 = 0. Suppose 0 = 11*c - 9*c - r. Calculate the remainder when c is divided by 4.
3
Suppose -4*s + 2*n + 648 = 6*n, s = -5*n + 182. Suppose -y + s = -4*v, -5*y + 0*y + 762 = 3*v. What is the remainder when y is divided by 34?
17
Suppose 2*z + 4124 = 4*v, -5*v + 1430 = 2*z - 3689. Calculate the remainder when v is divided by 1021.
6
Let z = -55 + 56. What is the remainder w